 What is the units digit of h(u)?
8
Suppose x = -4*z + 5, 4*x - 3*z = x. Let w be (x*-2)/(2 + -4). Suppose -4*n - w = -5*n. What is the units digit of n?
1
Let h be (-2)/4*(-84 - -2). Suppose -10 = -42*b + h*b. Suppose 12*y - 36 = b*y. What is the units digit of y?
8
Suppose 3*c = 5*c - 26. Suppose 5*a - 258 + c = 0. Let i = a + -22. What is the tens digit of i?
2
Suppose 3*j - 31*l + 26*l - 3495 = 0, 3 = l. What is the hundreds digit of j?
1
Let g be 3/6*(-4 + 10). Suppose -g*z + 1846 = 10*z. What is the units digit of z?
2
Let i(v) = 3*v**3 - 11*v**2 + 9*v + 6. What is the tens digit of i(7)?
5
Let z be ((-4)/(-6) - 2)*63/(-14). Suppose z*w + 232 = g + 3*w, 5*g - 4*w - 1149 = 0. What is the units digit of g?
9
Let c(o) = o**3 + 8*o**2 + 2. Let h be c(-8). Suppose h*n + 3*w + w = 22, -3*w = -15. Suppose 5*l - 246 = 4*y - 0*y, y = n. What is the tens digit of l?
5
Let r = 529 + -154. What is the hundreds digit of r?
3
Suppose -4*o - 4*y = 8, 0 = -4*o + 3*o - 3*y - 12. What is the units digit of (o + 100/3)*3?
9
What is the units digit of 11/((-110)/6135)*8/(-6)?
8
Let a(p) = -20*p**3 - 2*p**2 - 28*p - 163. What is the tens digit of a(-6)?
5
What is the tens digit of (-114)/190 + (-2443)/(-5)?
8
Let t(d) = -54*d + 237. What is the hundreds digit of t(-8)?
6
Let d(u) = -u**2 + 13*u - 2. Let v be d(9). Let s(j) = -j**3 - 10*j**2 - 7*j + 3. Let r be s(-9). Let z = v + r. What is the units digit of z?
9
Let v(p) = 12*p**2 - 7*p + 9. What is the hundreds digit of v(9)?
9
Suppose 0 = -2*f + 292 + 396. What is the tens digit of f?
4
Suppose -5*c + 2*n + 87 = 0, -27 = -2*c + c - 2*n. Suppose 6*g = 149 + c. What is the tens digit of g?
2
Let q be 2 + -2 - (-2 - 0). Suppose -5 = -q*n - 3. What is the units digit of 2 - 2 - (n + -18)?
7
Let p be -3*(-4)/(-18)*168. Let d = -58 - p. What is the tens digit of d?
5
What is the tens digit of (-328 + -2)*(2 - 3)?
3
Suppose -8*a - 3*b = -10*a - 5, 0 = -4*a + 4*b - 4. What is the hundreds digit of ((-156)/(-15))/(a/25)?
1
Let i be 39/(-52) + (-30)/(-8). Suppose -i*v + 117 = -3*g - 147, 440 = 5*v - 3*g. What is the tens digit of v?
8
Suppose -10*b + 2058 + 8902 = 0. What is the hundreds digit of b?
0
Suppose -1020 = -36*h - 15*h. What is the tens digit of h?
2
Suppose 9118 = 25*f - 6207. What is the hundreds digit of f?
6
Suppose -10 = -2*u, -5757 = -4*b + 2*u - 3*u. What is the units digit of b?
8
What is the units digit of 1 + (3 - 1) - (-873 - 7)?
3
Suppose 2*c - 25 = -3*c, 3*g + 94 = 5*c. Let a = 28 + g. Let z = 37 - a. What is the tens digit of z?
3
Let c = -366 - -368. What is the units digit of c?
2
Let m(s) = -219*s**3 + s**2. What is the hundreds digit of m(-1)?
2
Let s(u) = u. Let n be s(3). Suppose -3*c = 2*z - 71, -z - n*c = -4*z + 99. Let w = -20 + z. What is the units digit of w?
4
Suppose -6 = k + 4. Let w(h) = -h**2 - 10*h + 5. Let g be w(k). Suppose g*b = 225 + 5. What is the tens digit of b?
4
Let n(o) = -o**3 + 53*o**2 + 75*o + 3. What is the hundreds digit of n(54)?
1
Let a = 736 + -417. Let v = a + -139. What is the units digit of v?
0
Let a(g) = 11*g**3 + 15*g**2 - 15*g - 3. What is the hundreds digit of a(5)?
6
Let h(k) = -k + 24. Let a be h(0). Suppose 36 = 510*b - 514*b. What is the tens digit of (-63)/6*a/b?
2
Let j(f) = -f + 8. Let z be j(-10). Let d be 44/(-36) - (-4)/z. What is the units digit of d/((-3)/(-1))*-63?
1
Let m(h) = -h**3 + 6*h**2 - 4*h - 3. Let i be m(5). Let f(u) = -3*u + u - i*u. What is the units digit of f(-6)?
4
Let n = 210 + -29. Let t = n - 12. What is the tens digit of t?
6
Let z(c) = 50*c - 50. Let p(j) = 3*j - 3. Let a(l) = -35*p(l) + 2*z(l). What is the units digit of a(-10)?
5
Let o be 706/2 + (-9)/(-5 - -2). Suppose 0 = 3*a + a - o. What is the tens digit of a?
8
Suppose -2*t - 19 - 43 = -h, -3*h + 191 = -t. Suppose -46 - h = -2*b. What is the units digit of b?
5
Suppose 5*w = 3*w. Suppose 6*c - 3*a = 2*c + 71, -5*c - 3*a + 82 = w. Let p = c - 13. What is the units digit of p?
4
Let r be (-1812)/(-28) + 4/14. Suppose 184 + 74 = -6*q. Let m = q + r. What is the units digit of m?
2
Let w = 3 - 1. Let o be -15 + -1 + w + -4. Let x = 44 + o. What is the units digit of x?
6
Let c(x) = -1. Let q(k) = -3*k**2 + 2*k - 14. Let b(u) = 4*c(u) - q(u). What is the units digit of b(-4)?
6
Suppose -5*g + 3*l = -280, -50*g = -47*g - l - 168. What is the tens digit of g?
5
Suppose 5*f - 19 - 1 = 0. Let t = 3 - f. What is the tens digit of (2 + (-37 - -3))*t?
3
Suppose 2*h = -3*h - p - 114, 5*p = -20. Let g be h/(-10) - 1/5. Suppose -g*c - 84 = -4*c. What is the units digit of c?
2
Suppose -53 = -t + 39. Let a = t - 82. What is the units digit of a?
0
Let c(h) = -h**2 - 4*h - 1. Let y(q) = -2*q**2 + q + 2. Let b be y(-2). Let d = b + 5. What is the units digit of c(d)?
2
Suppose -2*j = 1404 - 4142. Suppose 49 = -8*k + j. What is the units digit of k?
5
Suppose 73 = n + 42. What is the tens digit of n?
3
Let b = -9 + 13. Let h = b - 7. Let g(z) = 3*z**2. What is the units digit of g(h)?
7
Suppose 0 = 4*i + 5*g - 10750, 0 = -13*i + 17*i - 4*g - 10732. What is the units digit of i?
5
Suppose -5*b + d = -375, -84 = -b - 17*d + 19*d. What is the tens digit of b?
7
Suppose 373*u = 348*u + 9950. What is the hundreds digit of u?
3
Suppose x - 4*x + 192 = 0. Suppose 104 = 3*w - x. What is the tens digit of w/4 + -2 + -1?
1
Let t(m) = -m**2 + 6*m + 6. Let i(a) = -a**2 + 8*a + 1. Let u be i(7). Let w be t(u). Let g = w - -26. What is the tens digit of g?
1
Suppose -284 = -2*n + 2*p, 3*n + 5*p + 130 - 572 = 0. What is the units digit of n?
4
Let l(s) = s**3 - 7*s**2 - 5*s + 2*s**3 - 4*s**3 - 7. What is the units digit of l(-7)?
8
Suppose 0*k - 3 = -k. Let r be (-1)/2*k*-2. Suppose 0 = r*j + 13 - 40. What is the units digit of j?
9
Suppose -3*x - 2*g = -2911, 2*x - 4*x = -3*g - 1945. What is the units digit of x?
1
Suppose 7*w - 3390 = 2*w. Suppose -z - 2*z = w. What is the units digit of (-2)/(-5) - z/10?
3
Let f = 787 - 218. What is the hundreds digit of f?
5
Suppose 5*c + p = 45, 4*c + 4*p + 8 = 60. What is the tens digit of 176/(-33)*(-54)/c?
3
Let w = 1 + 1. Suppose 2*m + 2 = -w. Let t = 16 + m. What is the units digit of t?
4
Let n(p) be the third derivative of p**6/120 - 11*p**5/30 + 5*p**4/12 - 7*p**3/6 + 24*p**2. What is the hundreds digit of n(22)?
2
Let t(v) = -6*v + 123. Let c be t(20). Suppose 0 = 3*l - q + 18, -2*q - 3*q = l + 6. What is the tens digit of 119/c - 2/l?
4
Let n be (((-24)/(-10))/3)/(10/25). Suppose 5*b - 3*b = 5*j + 383, 0 = n*b + 2*j - 390. What is the tens digit of b?
9
Let v be ((-12)/30)/(2/(-10)). Suppose -v*h + 128 - 30 = 0. What is the tens digit of h?
4
Suppose 0 = 4*b - 5*l - 54 - 783, -3*b + 3*l = -627. What is the hundreds digit of b?
2
Suppose 4*r - 25 = 3*g, -7*g - 1 = -4*r - 12*g. Suppose 2*m + 1738 = 5*u, -2330 = -4*u + r*m - 930. What is the hundreds digit of u?
3
Let j(k) = -k**3 + k + 1. Let l(w) = 9*w**3 - 12*w + 1. Let h(c) = 6*j(c) + l(c). What is the tens digit of h(3)?
7
Let z = 3 - 11. Let l be (-2)/z*(-116)/(-1). Suppose 32 = 5*y + 2*i, -4*y = 3*i + 2*i - l. What is the units digit of y?
6
Suppose 15*i - 535 = -40. What is the units digit of i?
3
Let z(s) = -3*s - 1. Let x = -38 + 31. What is the tens digit of z(x)?
2
What is the tens digit of 10*6 + -6 + 2?
5
Suppose 2 = 8*o - 38. Suppose 0 = o*r + 10, 0 = -4*t - 0*r - 4*r + 316. What is the units digit of t?
1
Suppose 5*f + 5439 = 4*m, -f = -2*m - 2*f + 2737. What is the thousands digit of m?
1
Let m(v) = -v**2 + v + 4. Let i be m(0). Let a(j) = 36*j - 6. Let h be a(i). Suppose 106 = 5*d - d + 3*z, -5*d - z + h = 0. What is the units digit of d?
8
Let c(s) = s. Let x(h) = 6*h + 2. Let t(y) = -3*c(y) + x(y). What is the tens digit of t(5)?
1
Let t(w) = -w**3 + 4*w**2. Suppose 3 + 1 = u. Let b be t(u). Suppose -5*z = -b*i - 2*i - 48, 4*z + 4*i - 44 = 0. What is the units digit of z?
0
Let d(k) = k**3 + 5*k**2 + 2*k + 2. Let q = 9 - 11. Let b be d(q). Suppose -5*y - b = -6*y. What is the tens digit of y?
1
Suppose -v + 485 = -2*u, -2*v - 3*u = -4*u - 958. What is the units digit of v?
7
Let x(q) = -126*q + 52. What is the units digit of x(-6)?
8
What is the thousands digit of (-27340)/(-10) + (7 - (0 + 0))?
2
Let q(b) = -12*b**3 - 8*b**2 + 2*b + 2. Let s be q(-3). What is the tens di